-53).
2, 5
Suppose 0 = 112*n + 23*n + 14*n - 477843. List the prime factors of n.
3, 1069
Let x be 257/6*22 - (-248)/372. Suppose 13*g - 4219 + x = 0. List the prime factors of g.
2, 3, 7
What are the prime factors of 130834/4 + -96 + 101 + (-1)/(-2)?
2, 11, 1487
Suppose -5*r + 108 = 4*r. Suppose -2*p - 156 + r = 0. Let d = -7 - p. What are the prime factors of d?
5, 13
Suppose 4*p + 17 - 2 = 3*s, -4*s = 2*p - 42. Suppose 0 = s*u - 776 - 7495. List the prime factors of u.
919
Let j = 84864 + -56884. List the prime factors of j.
2, 5, 1399
Let y(l) be the third derivative of -21*l**6/40 - l**5/30 + l**4/8 + l**3 + 24*l**2. What are the prime factors of y(-2)?
2, 31
Let l = 65 + -12. Suppose -3*q + l = 332. Let o = -7 - q. What are the prime factors of o?
2, 43
Let i be 8*((-6)/12)/(4/(-6)). What are the prime factors of 24498/36 - i/4?
7, 97
Let h be ((-160)/6)/(-8) + (-8)/6. Let r(y) = 32*y**3 - y. List the prime factors of r(h).
2, 127
List the prime factors of (-8)/20*(-8205)/1.
2, 3, 547
Suppose 5*v = -a + 13750, -27*v = -24*v + 3*a - 8250. What are the prime factors of v?
2, 5, 11
Suppose -3*u + 8 = -4. Suppose u*g + 29 = 5*h - 6, 3*g = 4*h - 27. Suppose 4*f - o = 67, -54 = -3*f - h*o + 15. List the prime factors of f.
2, 3
Suppose h = 2*z - 5*z - 937, -h - 961 = -3*z. Let w = 1756 + h. List the prime factors of w.
3, 269
Let c = 126 + -122. Let s(t) = 51*t - 18. Let h be s(c). Suppose v = 4*n + 54, 3*v + 24 - h = -n. List the prime factors of v.
2, 3
Let a = 111 - 102. Suppose 3*x = -2*r + 154, -3*r - 5*x + a + 223 = 0. Suppose -d + 68 + r = 0. What are the prime factors of d?
2, 71
Suppose -4*l + 11152 = 3*b + 2*b, 2*b = -4*l + 11164. Let t = -1824 + l. List the prime factors of t.
3, 17, 19
Suppose -59 = m + 4. Let w be (-14)/m + 682/9 + 0. Let a = w + 41. What are the prime factors of a?
3, 13
Let a(p) = 11*p**2 + 3*p + 10. Let c(t) = -t + 4. Let g be c(8). Let n be a(g). Suppose -3*k + 5*z = 2*k - 445, n = 2*k - 3*z. What are the prime factors of k?
3, 31
Let s = -20129 + 55930. What are the prime factors of s?
35801
Suppose 4*t + 12 = 2*g, 0*t - 3*t - 11 = -g. List the prime factors of (18564/(-45))/g - (-4)/(-30).
103
Let o = -220 + 945. Suppose 2*c + c = 2*u + 722, -5*u - o = -3*c. What are the prime factors of c?
2, 3, 5
Let h = -239 + 230. List the prime factors of 195 - (h - 18/(-3)).
2, 3, 11
Let m = -9 - -3125. List the prime factors of m.
2, 19, 41
Suppose 0 = 30*r - 52636 - 37194 + 9760. List the prime factors of r.
17, 157
Let l = 149 + -76. Suppose -68*j + l*j - 170 = 0. Suppose 0 = -6*d + 14 + j. List the prime factors of d.
2
Let q(o) = 13*o + 17. Let d be q(-1). Suppose -3*h - 4*n + 1364 = 0, -2*h - 896 = -4*h + d*n. What are the prime factors of h?
2, 113
Let o(l) = -107*l - 5485. What are the prime factors of o(-110)?
3, 5, 419
Let s(l) = -44*l + 4. Let d be s(-3). Suppose -d = 4*y + 736. What are the prime factors of (-3 - y)*(-4)/(-10)?
2, 43
Let k(g) = -4*g**3 + 31*g**2 + 11*g - 19. Let x be k(8). Suppose 6*o = x*o + s + 744, -4*s - 1490 = -2*o. List the prime factors of o.
743
Let k(b) = 3*b**2 + 57*b - 2094. What are the prime factors of k(84)?
2, 3, 41, 97
Suppose 329 - 4 = 65*g. Let m(o) = -23 + 7 + 25*o + 0*o. What are the prime factors of m(g)?
109
Let y(x) = -x**3 + 7*x**2 - 4. Let q be y(7). List the prime factors of q/(-14) - (-34)/14*137.
3, 37
Let j = 677 + -271. Let q = 119 + j. What are the prime factors of q?
3, 5, 7
Suppose -55*i = -15*i - 14800. Let y = i + 246. What are the prime factors of y?
2, 7, 11
Suppose -347*b + 351*b - 3*i - 105117 = 0, 0 = -3*b + 4*i + 78822. What are the prime factors of b?
2, 3, 13, 337
Suppose -4*w + 3*v + 5725 = -13364, 3*w - 2*v - 14317 = 0. List the prime factors of w.
3, 37, 43
Suppose -8*c + 7*c + 4365 = 2*k, 0 = -3*c - 15. List the prime factors of k.
5, 19, 23
Let k = -21191 + 36938. List the prime factors of k.
3, 29, 181
Let g be (0 - 42/(-4)) + 30/20. Let i = g - 12. Suppose i*d = 2*z + 3*d - 265, 2*z - 255 = -5*d. List the prime factors of z.
2, 5, 7
Let a(x) = x**3 + 4*x**2 - 8*x - 22. What are the prime factors of a(19)?
11, 739
Suppose -941 + 4783 = 17*z. List the prime factors of z + -6*(-8)/(-12).
2, 3, 37
Let y be (0 + 10)*(-21)/(-35). Let d be (15/(-9) + 2)*y. Suppose 0 = 5*l - 4*a - 652, 35 = d*l + 3*a - 212. What are the prime factors of l?
2
Let d(x) = x**2 - 14*x - 18. Let p be d(6). Let u = 804 + p. What are the prime factors of u?
2, 3, 41
Suppose -8630*r + 8612*r = -56304. What are the prime factors of r?
2, 17, 23
Let c be (-28 - -14 - 8) + 1 + -1. Let x be (11/4)/(2/8). Let q = x - c. List the prime factors of q.
3, 11
Let i be 6/4*24/(-9). Let c be -4 - i/8*(-2 - 0). Let q(y) = y**3 + 8*y**2 + 4*y + 2. List the prime factors of q(c).
3, 19
Let r(t) = 16*t**3 - 6*t**2 - t. Let y be r(4). Let z = 622 - y. List the prime factors of (2/((-8)/z))/(4/8).
151
Let a be -1*(-12)/18*186. Let f = 312 + a. What are the prime factors of ((-3)/12)/(2 - 873/f)?
109
Let s(o) be the second derivative of 47*o**3/6 + 165*o**2 + 126*o. List the prime factors of s(17).
1129
Let n(a) = 384*a - 3766. List the prime factors of n(42).
2, 7, 883
Let d = 1209 - -2519. What are the prime factors of d?
2, 233
Suppose 75*i - 3790659 = 438216. List the prime factors of i.
3, 5, 7, 179
Let f = -67 - -55. Let n be (-1 + (-14)/(-4))/(6/f). Let y(j) = -19*j + 16. List the prime factors of y(n).
3, 37
Suppose -19*s - 27 = -16*s. Let k be s/(10/3 + -3). Let n = k - -60. What are the prime factors of n?
3, 11
Let z = 82382 + -53395. List the prime factors of z.
7, 41, 101
List the prime factors of (48121880/(-5300))/(4/(-10)).
22699
Let s = 4 - 59. Let z be (-41558)/s - (-4)/10. Suppose 0 = 8*u - u - z. List the prime factors of u.
2, 3
What are the prime factors of (-212610)/(-20) + ((-117)/6)/13?
3, 1181
Let b(c) = -c**2 - 21*c + 46. Suppose 3*y - 21 = 3*w, w + 3 = -0*w + 5*y. Let r(x) = 4*x + 13. Let q be r(w). What are the prime factors of b(q)?
2, 3, 7
Let p be -62 + ((-4)/12)/((-2)/(-6)). Let h = -59 - p. Suppose 0 = -5*g - h*f + 693, 0*f = 3*g - 2*f - 407. List the prime factors of g.
137
List the prime factors of 5/(-6)*-16*129303/36 + -1.
3, 17, 313
Let x = -281 - -235. What are the prime factors of x/((12/6)/(-18))?
2, 3, 23
List the prime factors of (-80671878)/(-1788) + (-6)/(-4).
2, 3, 5, 47
Suppose -193*c - 152298 = 183*c - 385*c. What are the prime factors of c?
2, 8461
Let t = 46056 - 38509. What are the prime factors of t?
7547
Let a(s) = 4*s - 61. Let f be a(-26). Let p = 227 - f. What are the prime factors of p?
2, 7
Let p(a) = 9*a**2 - 5*a - 39. List the prime factors of p(17).
2477
Let f = 77 + -7. Let k(z) = z**2 + 38*z - 66. Let p be k(-38). Let a = f + p. List the prime factors of a.
2
Suppose 2144179 = 151*u - 1386050. List the prime factors of u.
3, 7793
Let s(m) = 33*m**3 - 10*m**2 + 25*m - 14. Let k be s(5). Suppose k = 3*x + 4*p, 38*x - 6628 = 33*x + p. List the prime factors of x.
2, 3, 13, 17
Let n = 207 - 203. Suppose 3*t - v = 796, -n*t - 5*v + 1190 = 135. What are the prime factors of t?
5, 53
Let k = -234 + 493. Suppose -19 = -5*f + 1. Suppose -292 = -f*p + 4*s, -5*s + k = 4*p - 24. List the prime factors of p.
2, 3
Let r = -8727 - -9521. List the prime factors of r.
2, 397
Suppose l = -h + 75377, -4*h - 137081 - 13625 = -2*l. What are the prime factors of l?
3, 7, 37, 97
Let b(z) = -2*z**3 - 34*z**2 - 27*z + 4. What are the prime factors of b(-18)?
2, 569
Let c be 6 + 22 + 4 - 3/(-1). List the prime factors of -5*(-28)/c - -186.
2, 5, 19
Suppose 4*u + 3*u + 28 = 0. Let x be (-84)/(-63)*6/u. What are the prime factors of 624/18*(2 - x/8)?
2, 3, 13
Let z = 32535 - 15107. What are the prime factors of z?
2, 4357
Suppose -4*p - 7906 = -2*y - 34386, 5*p + 4*y - 33087 = 0. What are the prime factors of p?
6619
Suppose 2*l - 2191 = -49*f + 54*f, -3*f - 3282 = -3*l. List the prime factors of l.
1093
Suppose 5*r + 42 = 4*y, -24 = -2*y - 2*r + 3*r. Suppose -6612 = y*o - 18793. List the prime factors of o.
937
Suppose 0 = 13*x + 156 - 247. Suppose 2*y + x*m - 1218 = 9*m, -4*y = -m - 2430. What are the prime factors of y?
607
Suppose -3643701 + 2635107 - 4024931 = -343*j. What are the prime factors of j?
5, 587
Suppose -7*o + 8712 = -11511. What are t